{"id":9,"date":"2019-07-02T08:46:23","date_gmt":"2019-07-02T06:46:23","guid":{"rendered":"http:\/\/toumire.com\/?page_id=9"},"modified":"2022-05-29T23:19:51","modified_gmt":"2022-05-29T21:19:51","slug":"a-propos-de","status":"publish","type":"page","link":"https:\/\/toumire.com\/index.php\/a-propos-de\/","title":{"rendered":"Parcours"},"content":{"rendered":"<h5>Diplom\u00e9 des Arts Appliqu\u00e9s Duperr\u00e9 et Olivier de Serres, graphiste,<br>Directeur Artistique, motion designer.&nbsp;ARTISTE PEINTRE.<\/h5>\n\n\n<h2 class=\"wp-block-heading\" id=\"expositions\"><strong>EXPOSITIONS <\/strong>       <\/h2>\n\n\n\n<p>CARROUSEL DU LOUVRE &#8211; Stand B4<br>18 &#8211; 19 -20 octobre 2019<br>Art Shopping &#8211; 99 rue de Rivoli &#8211; Paris &#8211; France<br>T\u00e9l\u00e9charger des invitations gratuites pour le salon :<br><a href=\"http:\/\/www.artshopping-expo.com\/communaute.php\">www.artshopping-expo.com\/communaute.php<\/a><\/p>\n\n\n\n<p>GRAND PALAIS<br>Salon du dessin et de la peinture \u00e0 l&rsquo;eau<br>11 -16 f\u00e9vrier 2020<br>Grand Palais des Champs-Elys\u00e9es &#8211; Paris &#8211; France<\/p>\n\n\n\n<p>ATELIERS EPHEMERES \u00ab\u00a0La Friche Artistique\u00a0\u00bb<br>19-20 janvier 2022<br>Exposition collective Du noir au Blanc<\/p>\n\n\n\n<p><\/p>\n\n\n\n<p class=\"has-text-color has-medium-font-size\" style=\"color:#888888\"><strong>ARTISTE EN R\u00c9SIDENCE \u00c0 LA FRICHE ARTISTIQUE<\/strong><\/p>\n\n\n\n<p>J\u2019ai rejoint la friche Artistique de Bois-Colombes en 2019, un collectif de 10 artistes d\u00e9j\u00e0 pr\u00e9sents. Ces ateliers sont l\u2019\u00e9crin d\u2019\u00e9changes et d\u2019exp\u00e9rimentation de nouvelles techniques. Cette \u00e9mulation fait vivre la cr\u00e9ation et permet de se confronter au public au travers d\u2019expositions que nous organisons mais aussi lors des Podada.<\/p>\n\n\n\n<figure class=\"wp-block-image size-full\"><img loading=\"lazy\" decoding=\"async\" width=\"640\" height=\"376\" src=\"https:\/\/toumire.com\/wp-content\/uploads\/2022\/05\/IMG_5018.jpg\" alt=\"\" class=\"wp-image-343\" srcset=\"https:\/\/toumire.com\/wp-content\/uploads\/2022\/05\/IMG_5018.jpg 640w, https:\/\/toumire.com\/wp-content\/uploads\/2022\/05\/IMG_5018-300x176.jpg 300w\" sizes=\"auto, (max-width: 640px) 100vw, 640px\" \/><\/figure>\n","protected":false},"excerpt":{"rendered":"<p>Diplom\u00e9 des Arts Appliqu\u00e9s Duperr\u00e9 et Olivier de Serres, graphiste,Directeur Artistique, motion designer.&nbsp;ARTISTE PEINTRE. EXPOSITIONS CARROUSEL DU LOUVRE &#8211; Stand B418 &#8211; 19 -20 octobre 2019Art Shopping &#8211; 99 rue de Rivoli &#8211; Paris &#8211; FranceT\u00e9l\u00e9charger des invitations gratuites pour le salon :www.artshopping-expo.com\/communaute.php GRAND PALAISSalon du dessin et de la peinture \u00e0 l&rsquo;eau11 -16 f\u00e9vrier &hellip; <\/p>\n<p class=\"link-more\"><a href=\"https:\/\/toumire.com\/index.php\/a-propos-de\/\" class=\"more-link\">Continuer la lecture<span class=\"screen-reader-text\"> de &laquo;&nbsp;Parcours&nbsp;&raquo;<\/span><\/a><\/p>\n","protected":false},"author":1,"featured_media":310,"parent":0,"menu_order":0,"comment_status":"closed","ping_status":"closed","template":"","meta":{"footnotes":""},"class_list":["post-9","page","type-page","status-publish","has-post-thumbnail","hentry"],"_links":{"self":[{"href":"https:\/\/toumire.com\/index.php\/wp-json\/wp\/v2\/pages\/9","targetHints":{"allow":["GET"]}}],"collection":[{"href":"https:\/\/toumire.com\/index.php\/wp-json\/wp\/v2\/pages"}],"about":[{"href":"https:\/\/toumire.com\/index.php\/wp-json\/wp\/v2\/types\/page"}],"author":[{"embeddable":true,"href":"https:\/\/toumire.com\/index.php\/wp-json\/wp\/v2\/users\/1"}],"replies":[{"embeddable":true,"href":"https:\/\/toumire.com\/index.php\/wp-json\/wp\/v2\/comments?post=9"}],"version-history":[{"count":13,"href":"https:\/\/toumire.com\/index.php\/wp-json\/wp\/v2\/pages\/9\/revisions"}],"predecessor-version":[{"id":344,"href":"https:\/\/toumire.com\/index.php\/wp-json\/wp\/v2\/pages\/9\/revisions\/344"}],"wp:featuredmedia":[{"embeddable":true,"href":"https:\/\/toumire.com\/index.php\/wp-json\/wp\/v2\/media\/310"}],"wp:attachment":[{"href":"https:\/\/toumire.com\/index.php\/wp-json\/wp\/v2\/media?parent=9"}],"curies":[{"name":"wp","href":"https:\/\/api.w.org\/{rel}","templated":true}]}}